 -28 + 3639?
3611
In base 12, what is 2 + 696552a3?
696552a5
In base 12, what is a173 + -269?
9b06
In base 16, what is -5 - 2063af7?
-2063afc
In base 5, what is 131301 - -4420?
141221
In base 8, what is 1424547 - -74?
1424643
In base 8, what is -100304 + 5332?
-72752
In base 10, what is -20373268 - -2?
-20373266
In base 3, what is 1102210010 + -1102112200?
20110
In base 4, what is -200223031232 - -10?
-200223031222
In base 5, what is -24211441 - 13?
-24212004
In base 8, what is 2 - 104405606?
-104405604
In base 14, what is 1 + -157d25?
-157d24
In base 16, what is 10634 - -17b?
107af
In base 8, what is 373 - 2433241?
-2432646
In base 3, what is -1000122 - 210021211?
-211022110
In base 14, what is 26d - 13639?
-133aa
In base 13, what is 5cc + -965?
-366
In base 14, what is -5 + -1577b8c?
-1577b93
In base 5, what is -442434014 + 4?
-442434010
In base 2, what is -10000000000101100100111110 + -10?
-10000000000101100101000000
In base 2, what is 101101001111000111 - 1001011?
101101001101111100
In base 7, what is 3100 + 25132?
31232
In base 12, what is 271095 - -a0?
271175
In base 11, what is -5 + 13047679?
13047674
In base 8, what is 4 + 325553371?
325553375
In base 3, what is 2122000110100 - 2012?
2122000101011
In base 10, what is -2678 + 2916?
238
In base 16, what is 1b53e - -822?
1bd60
In base 3, what is 201 - 102200011100?
-102200010122
In base 7, what is 1 - -320316?
320320
In base 13, what is -3 - 5424a1?
-5424a4
In base 10, what is -8 + -1470192?
-1470200
In base 11, what is 1 + 103a1893?
103a1894
In base 11, what is -573 + -405603?
-406076
In base 5, what is 2013102120 + 11?
2013102131
In base 8, what is 370 + -3305702?
-3305312
In base 2, what is -101000000001101 - 1010011?
-101000001100000
In base 13, what is 5 + -483a55?
-483a50
In base 3, what is -22212 - 2002211222?
-2010011211
In base 12, what is -3 - 2aa205a?
-2aa2061
In base 13, what is 38032 - 1c0?
37b42
In base 10, what is 177584 - 222?
177362
In base 5, what is -4341324203 + 4?
-4341324144
In base 13, what is 5 + -bac499?
-bac494
In base 15, what is -2 - -12c1d0d?
12c1d0b
In base 4, what is 11 - 10002202311302?
-10002202311231
In base 13, what is -7a87457 - 5?
-7a8745c
In base 6, what is -14102 + 1335433?
1321331
In base 13, what is 603 - -3c551?
3cb54
In base 11, what is -1 - -5878a18?
5878a17
In base 5, what is -2043 + -414030240?
-414032333
In base 11, what is -666 + 8181?
7616
In base 6, what is 1053 - -12155300?
12200353
In base 2, what is 10001000011101000 + -11010100?
10001000000010100
In base 13, what is -44139 + -7184?
-4b2c0
In base 10, what is 0 - 3862055?
-3862055
In base 4, what is 1 + 2112103022?
2112103023
In base 10, what is -8159462 + -3?
-8159465
In base 6, what is -242 - 2113?
-2355
In base 11, what is -5439 - -13485?
9047
In base 12, what is -3 + 2a8a32?
2a8a2b
In base 5, what is 30340 + 3114112?
3200002
In base 15, what is e6e - dee?
70
In base 2, what is -1000 - -1010011000110101001111001?
1010011000110101001110001
In base 12, what is 11776290 + -2?
1177628a
In base 2, what is -1010110110000110100001 - 101?
-1010110110000110100110
In base 3, what is -101021222221020121 - 0?
-101021222221020121
In base 13, what is 2214 + -7b68?
-5954
In base 7, what is -5506610 + 2042?
-5504535
In base 7, what is -464405 + 1111?
-463264
In base 7, what is 3620651 + -1111?
3616540
In base 11, what is -104a - -8a792?
89743
In base 8, what is 2067566 - -17?
2067605
In base 7, what is 1203 - -13625?
15131
In base 12, what is 18 - 15abb72?
-15abb56
In base 6, what is -243501110052 + -3?
-243501110055
In base 10, what is -4 - 2938228?
-2938232
In base 2, what is 10111011100111000101100111 + 11?
10111011100111000101101010
In base 16, what is da7 + 1d78?
2b1f
In base 15, what is -b5020 + 3c?
-b4ed3
In base 4, what is -101213 + -113221121?
-113323000
In base 3, what is -112212 - 20010012102?
-20010202021
In base 14, what is -75 - 59561?
-595d6
In base 6, what is -245305 - -155433?
-45432
In base 16, what is -7a - -e90d?
e893
In base 4, what is -210120 + -200121?
-1010301
In base 5, what is 23 + 213104340?
213104413
In base 10, what is -18857 - 10471?
-29328
In base 10, what is 2 + 5169737?
5169739
In base 16, what is -29 + -9df6e?
-9df97
In base 2, what is 1011100 - -10111101011?
11001000111
In base 15, what is -3 - 2c5b30?
-2c5b33
In base 15, what is -5145 + 16c?
-4ec8
In base 15, what is -1d5ce601 + 0?
-1d5ce601
In base 6, what is -1130230 + 325?
-1125501
In base 6, what is -3143441 - -1242?
-3142155
In base 5, what is -23 + -24014013?
-24014041
In base 9, what is -7587380 - -8?
-7587371
In base 4, what is 1010011 - -13312213?
20322230
In base 11, what is 102663 - -14?
102677
In base 2, what is 1111100101111010100 - -1000101?
1111100110000011001
In base 4, what is -111233 - 230222?
-1002121
In base 3, what is -10010010 + -10221121222?
-11001202002
In base 12, what is -b4 + -3338?
-3430
In base 15, what is 57 - eae07?
-eada0
In base 12, what is 5 + b66b7a3?
b66b7a8
In base 16, what is 2 - -11e8e7?
11e8e9
In base 5, what is 333121331034 - -1?
333121331040
In base 8, what is -153466 - -3150?
-150316
In base 13, what is c - -63b400?
63b40c
In base 6, what is 25543522 - 2?
25543520
In base 16, what is -249 + -da8?
-ff1
In base 13, what is 19 + -4a1164c?
-4a11633
In base 13, what is -30540 + -2?
-30542
In base 3, what is -112200 - 212001000?
-212120200
In base 6, what is 53 - 321511355?
-321511302
In base 15, what is -226cae5 + -3?
-226cae8
In base 2, what is -1000 - 1001001011101111001101?
-1001001011101111010101
In base 14, what is a960d + 230?
a983d
In base 11, what is 22 - -18002a?
180051
In base 2, what is 101 + 110101010011110001110?
110101010011110010011
In base 11, what is 12a427 + 11?
12a438
In base 12, what is bb9 + -13a5?
-3a8
In base 10, what is -60098 - -54?
-60044
In base 3, what is 11001112111 - 122201212?
10101210122
In base 9, what is -363 - -41232?
40758
In base 4, what is 200 - -10032312202?
10032313002
In base 11, what is 33 + 125a309?
125a341
In base 15, what is -10745 + -ab6?
-1130b
In base 4, what is -22213120 - -2321?
-22210133
In base 2, what is -11100100001001100001011111 - -11?
-11100100001001100001011100
In base 2, what is -1101001011101 - 1111010?
-1101011010111
In base 14, what is 4 + a80b?
a811
In base 13, what is 3972940 - 1?
397293c
In base 6, what is -1 - 451052425?
-451052430
In base 7, what is 3551613 + 64?
3552010
In base 14, what is -59 - 107da0?
-108019
In base 4, what is 13 - -12010021023002?
12010021023021
In base 10, what is -23009 + 1926?
-21083
In base 12, what is -2184 + 7ab7?
5933
In base 5, what is 2 - -3401032000?
3401032002
In base 7, what is 11 - -132412140?
132412151
In base 8, what is 237324664 + -3?
237324661
In base 8, what is -32 + 10310252?
10310220
In base 9, what is -4 - -282633266?
282633262
In base 13, what is -1523 + -10c6?
-2619
In base 4, what is 1010 + 20330212?
20331222
In base 2, what is -111 + 10110110000110001100111110?
10110110000110001100110111
In base 5, what is 33132 - -311343?
400030
In base 14, what is 2935a + -2640?
26b1a
In base 8, what is 43516 - 35171?
6325
In base 5, what is -33332023 - 10?
-33332033
In base 7, what is 52606 - -1462?
54401
In base 16, what is 1184e843 - 0?
1184e843
In base 9, what is -1 - 4321215?
-4321216
In base 2, what is 11110001100001 + 111010110?
11111000110111
In base 14, what is -1 + 2935747?
2935746
In base 9, what is 15 + -226716612?
-226716586
In base 9, what is 2406232 - 2?
2406230
In base 2, what is -101010111011011 + 111101110000111?
10010110101100
In base 3, what is -110022020020210 - 20?
-110022020021000
In base 16, what is 7eed6 + 480?
7f356
In base 13, what is 113 - -2217c?
22292
In base 15, what is 9d2b37 - 54?
9d2ad3
In base 16, what is 2876 - -12dd5?
1564b
In base 4, what is -302310 - -1323113?
1020203
In base 7, what is 110 - -6462624?
6463034
In base 2, what is -1010110010010011 - 111100101111?
-1011101111000010
In base 3, what is -12211101 - -1211201200?
1121220022
In base 11, what is -204 + 83148?
82a44
In base 15, what is -3 - 4ab98e8?
-4ab98eb
In base 4, what is -2122 + 1301031032?
1301022310
In base 3, what is 21001 - -10021022121?
10021120122
In base 11, what is -109 + -99686?
-99794
In base 4, what is -12231120 - 110032?
-13001212
In base 5, what is 34020140 + 1